nds digit of 5943907142?
0
What is the thousands digit of 4946239374?
9
What is the hundreds digit of 314309746?
7
What is the millions digit of 1262656026?
2
What is the hundreds digit of 73406250?
2
What is the tens digit of 862248997?
9
What is the units digit of 261481708?
8
What is the ten thousands digit of 485934734?
3
What is the hundred thousands digit of 212928?
2
What is the ten thousands digit of 86815804?
1
What is the tens digit of 241897581?
8
What is the hundreds digit of 301300745?
7
What is the tens digit of 1421864477?
7
What is the hundreds digit of 905450138?
1
What is the ten thousands digit of 704572849?
7
What is the hundred thousands digit of 48619492?
6
What is the thousands digit of 643611492?
1
What is the hundred thousands digit of 7021930?
0
What is the millions digit of 217398302?
7
What is the billions digit of 2836101258?
2
What is the units digit of 2309517394?
4
What is the ten thousands digit of 77383880?
8
What is the hundred thousands digit of 1513771326?
7
What is the units digit of 174163738?
8
What is the thousands digit of 3366896958?
6
What is the hundred thousands digit of 90969060?
9
What is the hundreds digit of 2544284?
2
What is the tens digit of 293363590?
9
What is the units digit of 365418257?
7
What is the thousands digit of 18865547?
5
What is the hundred thousands digit of 1898126669?
1
What is the hundred millions digit of 911425462?
9
What is the ten millions digit of 96394316?
9
What is the hundred millions digit of 1055921535?
0
What is the tens digit of 54285577?
7
What is the thousands digit of 1071988479?
8
What is the millions digit of 645660095?
5
What is the hundred thousands digit of 371952263?
9
What is the ten millions digit of 187489727?
8
What is the hundred millions digit of 281083242?
2
What is the ten millions digit of 2616097231?
1
What is the millions digit of 7134786252?
4
What is the ten thousands digit of 256052731?
5
What is the millions digit of 1188828043?
8
What is the units digit of 53183183?
3
What is the tens digit of 626905561?
6
What is the hundreds digit of 833134365?
3
What is the ten millions digit of 1886457869?
8
What is the hundred thousands digit of 19933286?
9
What is the thousands digit of 437974461?
4
What is the ten thousands digit of 154484361?
8
What is the millions digit of 12853830?
2
What is the millions digit of 1666862455?
6
What is the thousands digit of 897059315?
9
What is the ten millions digit of 630506110?
3
What is the millions digit of 15475925?
5
What is the tens digit of 87973432?
3
What is the hundred thousands digit of 101072379?
0
What is the thousands digit of 138335677?
5
What is the millions digit of 52368415?
2
What is the tens digit of 295728702?
0
What is the units digit of 105421852?
2
What is the hundred millions digit of 1672651122?
6
What is the thousands digit of 316908318?
8
What is the ten thousands digit of 19765087?
6
What is the ten millions digit of 109355465?
0
What is the thousands digit of 1633001862?
1
What is the ten millions digit of 561460431?
6
What is the units digit of 74539319?
9
What is the units digit of 50548437?
7
What is the ten millions digit of 1593693447?
9
What is the ten millions digit of 1442037540?
4
What is the hundred millions digit of 2158675274?
1
What is the units digit of 2232346112?
2
What is the hundred millions digit of 109165759?
1
What is the tens digit of 1152752831?
3
What is the ten thousands digit of 5545727?
4
What is the hundred thousands digit of 1704681352?
6
What is the hundreds digit of 584226996?
9
What is the thousands digit of 102069656?
9
What is the thousands digit of 28317856?
7
What is the hundred thousands digit of 20780392?
7
What is the ten millions digit of 1128899784?
2
What is the units digit of 6713168487?
7
What is the millions digit of 8797963?
8
What is the units digit of 80957423?
3
What is the millions digit of 1240555993?
0
What is the tens digit of 11061990?
9
What is the hundreds digit of 185114241?
2
What is the hundred thousands digit of 706471057?
4
What is the units digit of 3980490332?
2
What is the hundreds digit of 1125522601?
6
What is the hundred millions digit of 1087952436?
0
What is the tens digit of 1863587692?
9
What is the billions digit of 6274940842?
6
What is the tens digit of 32036974?
7
What is the hundred millions digit of 2023169140?
0
What is the units digit of 184657042?
2
What is the hundred thousands digit of 58740297?
7
What is the hundred thousands digit of 67542434?
5
What is the hundred millions digit of 225000094?
2
What is the hundred thousands digit of 45108114?
1
What is the tens digit of 953804681?
8
What is the hundreds digit of 1334922115?
1
What is the millions digit of 251976413?
1
What is the ten thousands digit of 2014019080?
1
What is the millions digit of 785089775?
5
What is the millions digit of 41607958?
1
What is the millions digit of 10219898?
0
What is the units digit of 14310127?
7
What is the millions digit of 9011425452?
1
What is the units digit of 3733852?
2
What is the tens digit of 76590999?
9
What is the ten millions digit of 49545450?
4
What is the tens digit of 1082689278?
7
What is the thousands digit of 1536110941?
0
What is the units digit of 37799005?
5
What is the units digit of 1127004121?
1
What is the ten thousands digit of 1024878307?
7
What is the tens digit of 9098694?
9
What is the thousands digit of 65734091?
4
What is the tens digit of 97124797?
9
What is the hundred thousands digit of 40564589?
5
What is the hundred thousands digit of 56397965?
3
What is the units digit of 58613286?
6
What is the ten thousands digit of 162787111?
8
What is the hundred millions digit of 279003470?
2
What is the hundred millions digit of 758041987?
7
What is the hundred millions digit of 989620060?
9
What is the ten millions digit of 37054094?
3
What is the millions digit of 39080004?
9
What is the units digit of 1824597054?
4
What is the hundred thousands digit of 301499233?
4
What is the thousands digit of 2565046856?
6
What is the ten thousands digit of 2425634062?
3
What is the units digit of 471048896?
6
What is the hundred millions digit of 199682742?
1
What is the hundred millions digit of 5322864543?
3
What is the millions digit of 42248084?
2
What is the hundred thousands digit of 52391335?
3
What is the millions digit of 288784613?
8
What is the billions digit of 5641395281?
5
What is the thousands digit of 57704221?
4
What is the billions digit of 2131707050?
2
What is the hundred thousands digit of 3786569411?
5
What is the tens digit of 4025861211?
1
What is the millions digit of 3888495303?
8
What is the ten millions digit of 290680966?
9
What is the hundred thousands digit of 744974634?
9
What is the hundred millions digit of 232092197?
2
What is the hundreds digit of 185248033?
0
What is the hundred millions digit of 1340538660?
3
What is the units digit of 3998917591?
1
What is the hundred millions digit of 1228010287?
2
What is the ten thousands digit of 6382834?
8
What is the thousands digit of 1448157761?
7
What is the units digit of 13999079?
9
What is the hundred thousands digit of 211214131?
2
What is the ten thousands digit of 50811695?
1
What is the ten thousands digit of 22557538?
5
What is the tens digit of 186372726?
2
What is the hundreds digit of 2172016781?
7
What is the millions digit of 409590370?
9
What is the ten thousands digit of 12550847?
5
What is the hundreds digit of 1532210661?
6
What is the millions digit of 4002799?
4
What is the billions digit of 7669165255?
7
What is the hundred thousands digit of 51258805?
2
What is the millions digit of 3668427666?
8
What is the units digit of 16520713?
3
What is the ten millions digit of 71651646?
7
What is the hundred thousands digit of 1338552413?
5
What is the units digit of 854209998?
8
What is the tens digit of 243728249?
4
What is the hundreds digit of 1092664719?
7
What is the thousands digit of 3692701916?
1
What is the thousands digit of 232888991?
8
What is the hundred thousands digit of 1396230514?
2
What is the ten millions digit of 13488728?
1
What is the ten millions digit of 466810845?
6
What is the ten millions digit of 402357666?
0
What is the millions digit of 1699157154?
9
What is the ten